{"id":367,"date":"2023-12-12T15:50:52","date_gmt":"2023-12-12T14:50:52","guid":{"rendered":"https:\/\/franceencampagne.fr\/blog\/?page_id=367"},"modified":"2025-02-17T13:58:46","modified_gmt":"2025-02-17T12:58:46","slug":"franceencampagne-fr","status":"publish","type":"page","link":"https:\/\/franceencampagne.fr\/blog\/franceencampagne-fr\/","title":{"rendered":"franceencampagne.fr"},"content":{"rendered":"\n<div class=\"wp-block-group titre-home is-content-justification-center is-nowrap is-layout-flex wp-container-core-group-is-layout-d05cb3ef wp-block-group-is-layout-flex\">\n<h1 class=\"wp-block-heading has-text-align-center has-contrast-color has-text-color has-link-color wp-elements-1\" id=\"h-beaute-authentique-bien-etre-naturel-votre-guide-vers-une-vie-harmonieuse\">L&rsquo;authenticit\u00e9 au c\u0153ur<\/h1>\n<\/div>\n\n\n<div class=\"gb-container gb-container-d004d49a\">\n<div class=\"gb-container gb-container-5979e1bc\">\n\n<h2 class=\"gb-headline gb-headline-653b8ae5 gb-headline-text\"><a href=\"https:\/\/franceencampagne.fr\/blog\/destinations-a-la-campagne\/\">Destinations \u00e0 la Campagne<\/a><\/h2>\n\n\n<div class=\"gb-grid-wrapper gb-grid-wrapper-d81475ad\">\n<div class=\"gb-grid-column gb-grid-column-64f4838c\"><div class=\"gb-container gb-container-64f4838c\">\n\n<div class=\"gb-grid-wrapper gb-grid-wrapper-66dae3a3 gb-query-loop-wrapper\">\n<div class=\"gb-grid-column gb-grid-column-f8982118 gb-query-loop-item post-7807 post type-post status-publish format-standard has-post-thumbnail hentry category-a-la-une\"><div class=\"gb-container gb-container-f8982118\"><a class=\"gb-container-link\" href=\"https:\/\/franceencampagne.fr\/blog\/a-la-une\/plus-beaux-lacs-bourgogne-journee\/\"><\/a>\n<figure class=\"gb-block-image gb-block-image-c648fb85\"><a href=\"https:\/\/franceencampagne.fr\/blog\/a-la-une\/plus-beaux-lacs-bourgogne-journee\/\"><img loading=\"lazy\" decoding=\"async\" width=\"1200\" height=\"627\" src=\"https:\/\/images.pexels.com\/photos\/37515854\/pexels-photo-37515854.jpeg?auto=compress&amp;cs=tinysrgb&amp;fit=crop&amp;h=627&amp;w=1200\" class=\"gb-image-c648fb85\" alt=\"\" \/><\/a><\/figure>\n\n<div class=\"gb-headline gb-headline-105a8e81 gb-headline-text\"><time class=\"entry-date published\" datetime=\"2026-07-17T12:18:57+02:00\">17 juillet 2026<\/time><\/div>\n\n<h3 class=\"gb-headline gb-headline-d823eb89 gb-headline-text\"><a href=\"https:\/\/franceencampagne.fr\/blog\/a-la-une\/plus-beaux-lacs-bourgogne-journee\/\">Les plus beaux lacs de Bourgogne pour une journ\u00e9e au bord de l&rsquo;eau<\/a><\/h3>\n\n<p class=\"gb-headline gb-headline-50783b14 gb-headline-text\">\u26a1 En bref La Bourgogne regorge de lacs de baignade : grands lacs du Morvan, bases de loisirs familiales, plans d&rsquo;eau sauvages. Le lac de &#8230;<\/p>\n<\/div><\/div>\n<\/div>\n\n<\/div><\/div>\n\n<div class=\"gb-grid-column gb-grid-column-172c2d01\"><div class=\"gb-container gb-container-172c2d01\">\n\n<div class=\"gb-grid-wrapper gb-grid-wrapper-ae4a818a gb-query-loop-wrapper\">\n<div class=\"gb-grid-column gb-grid-column-a5958d80 gb-query-loop-item post-7524 post type-post status-publish format-standard has-post-thumbnail hentry category-a-la-une tag-histoire-1944 tag-plages-debarquement tag-weekend-normandie\"><div class=\"gb-container gb-container-a5958d80\">\n<div class=\"gb-grid-wrapper gb-grid-wrapper-2316a5ad\">\n<div class=\"gb-grid-column gb-grid-column-f3dccbdb\"><div class=\"gb-container gb-container-f3dccbdb\">\n<figure class=\"gb-block-image gb-block-image-a77e6df6\"><a href=\"https:\/\/franceencampagne.fr\/blog\/a-la-une\/les-plages-du-debarquement-en-1944-histoire-et-conseils-pour-un-week-end-memorable\/\"><img loading=\"lazy\" decoding=\"async\" width=\"400\" height=\"229\" src=\"https:\/\/franceencampagne.fr\/blog\/wp-content\/uploads\/2025\/12\/pag-image-69416ed81f7d3-scaled.png\" class=\"gb-image-a77e6df6\" alt=\"pag-image-69416ed81f7d3\" \/><\/a><\/figure>\n<\/div><\/div>\n\n<div class=\"gb-grid-column gb-grid-column-2cddd1f8\"><div class=\"gb-container gb-container-2cddd1f8\">\n<div class=\"gb-headline gb-headline-dcb58340 gb-headline-text\"><time class=\"entry-date published\" datetime=\"2026-07-02T09:58:00+02:00\">2 juillet 2026<\/time><\/div>\n\n<h3 class=\"gb-headline gb-headline-23a64d89 gb-headline-text\"><a href=\"https:\/\/franceencampagne.fr\/blog\/a-la-une\/les-plages-du-debarquement-en-1944-histoire-et-conseils-pour-un-week-end-memorable\/\">Les plages du D\u00e9barquement en 1944 : histoire et conseils pour un week-end m\u00e9morable<\/a><\/h3>\n\n<div class=\"gb-container gb-container-5da2d10d\"><\/div>\n<\/div><\/div>\n<\/div>\n<\/div><\/div>\n<\/div>\n\n<\/div><\/div>\n<\/div>\n\n<div class=\"gb-grid-wrapper gb-grid-wrapper-dd363874\">\n<div class=\"gb-grid-column gb-grid-column-6e67919d\"><div class=\"gb-container gb-container-6e67919d\">\n\n<div class=\"gb-grid-wrapper gb-grid-wrapper-498f7d99 gb-query-loop-wrapper\"><\/div>\n\n<\/div><\/div>\n\n<div class=\"gb-grid-column gb-grid-column-2101bea1\"><div class=\"gb-container gb-container-2101bea1\">\n\n<div class=\"gb-grid-wrapper gb-grid-wrapper-160fd551 gb-query-loop-wrapper\"><\/div>\n\n<\/div><\/div>\n\n<div class=\"gb-grid-column gb-grid-column-a6ee4012\"><div class=\"gb-container gb-container-a6ee4012\">\n\n<div class=\"gb-grid-wrapper gb-grid-wrapper-d91db76b gb-query-loop-wrapper\"><\/div>\n\n<\/div><\/div>\n\n<div class=\"gb-grid-column gb-grid-column-24890074\"><div class=\"gb-container gb-container-24890074\">\n\n<div class=\"gb-grid-wrapper gb-grid-wrapper-ec0235a6 gb-query-loop-wrapper\"><\/div>\n\n<\/div><\/div>\n<\/div>\n<\/div>\n<\/div>\n\n\n<p class=\"wp-block-paragraph\"><\/p>\n","protected":false},"excerpt":{"rendered":"","protected":false},"author":34,"featured_media":0,"parent":0,"menu_order":0,"comment_status":"closed","ping_status":"closed","template":"","meta":{"_acf_changed":false,"manual_indexmenow":false,"indexmenow_id_project":0,"footnotes":""},"class_list":["post-367","page","type-page","status-publish"],"acf":[],"yoast_head":"<!-- This site is optimized with the Yoast SEO Premium plugin v21.3 (Yoast SEO v25.6) - https:\/\/yoast.com\/wordpress\/plugins\/seo\/ -->\n<title>France en Campagne, le charme de la vie rurale<\/title>\n<meta name=\"description\" content=\"Franceencampagne.fr vous invite \u00e0 red\u00e9couvrir l&#039;authenticit\u00e9 et la beaut\u00e9 de la vie \u00e0 la campagne. Plongez dans un univers de traditions, de nature\" \/>\n<meta name=\"robots\" content=\"index, follow, max-snippet:-1, max-image-preview:large, max-video-preview:-1\" \/>\n<link rel=\"canonical\" href=\"https:\/\/franceencampagne.fr\/blog\/franceencampagne-fr\/\" \/>\n<meta property=\"og:locale\" content=\"fr_FR\" \/>\n<meta property=\"og:type\" content=\"article\" \/>\n<meta property=\"og:title\" content=\"France en Campagne, le charme de la vie rurale\" \/>\n<meta property=\"og:description\" content=\"Franceencampagne.fr vous invite \u00e0 red\u00e9couvrir l&#039;authenticit\u00e9 et la beaut\u00e9 de la vie \u00e0 la campagne. Plongez dans un univers de traditions, de nature\" \/>\n<meta property=\"og:url\" content=\"https:\/\/franceencampagne.fr\/blog\/franceencampagne-fr\/\" \/>\n<meta property=\"og:site_name\" content=\"franceencampagne\" \/>\n<meta name=\"twitter:card\" content=\"summary_large_image\" \/>\n<script type=\"application\/ld+json\" class=\"yoast-schema-graph\">{\"@context\":\"https:\/\/schema.org\",\"@graph\":[{\"@type\":\"WebPage\",\"@id\":\"https:\/\/franceencampagne.fr\/blog\/franceencampagne-fr\/\",\"url\":\"https:\/\/franceencampagne.fr\/blog\/franceencampagne-fr\/\",\"name\":\"France en Campagne, le charme de la vie rurale\",\"isPartOf\":{\"@id\":\"https:\/\/franceencampagne.fr\/blog\/#website\"},\"datePublished\":\"2023-12-12T14:50:52+00:00\",\"dateModified\":\"2025-02-17T12:58:46+00:00\",\"description\":\"Franceencampagne.fr vous invite \u00e0 red\u00e9couvrir l'authenticit\u00e9 et la beaut\u00e9 de la vie \u00e0 la campagne. Plongez dans un univers de traditions, de nature\",\"inLanguage\":\"fr-FR\",\"potentialAction\":[{\"@type\":\"ReadAction\",\"target\":[\"https:\/\/franceencampagne.fr\/blog\/franceencampagne-fr\/\"]}]},{\"@type\":\"WebSite\",\"@id\":\"https:\/\/franceencampagne.fr\/blog\/#website\",\"url\":\"https:\/\/franceencampagne.fr\/blog\/\",\"name\":\"France en Campagne\",\"description\":\"France en Campagne, le charme de la vie rurale\",\"publisher\":{\"@id\":\"https:\/\/franceencampagne.fr\/blog\/#organization\"},\"alternateName\":\"France en Campagne, le charme de la vie rurale\",\"potentialAction\":[{\"@type\":\"SearchAction\",\"target\":{\"@type\":\"EntryPoint\",\"urlTemplate\":\"https:\/\/franceencampagne.fr\/blog\/?s={search_term_string}\"},\"query-input\":{\"@type\":\"PropertyValueSpecification\",\"valueRequired\":true,\"valueName\":\"search_term_string\"}}],\"inLanguage\":\"fr-FR\"},{\"@type\":\"Organization\",\"@id\":\"https:\/\/franceencampagne.fr\/blog\/#organization\",\"name\":\"France en Campagne\",\"alternateName\":\"FEC\",\"url\":\"https:\/\/franceencampagne.fr\/blog\/\",\"logo\":{\"@type\":\"ImageObject\",\"inLanguage\":\"fr-FR\",\"@id\":\"https:\/\/franceencampagne.fr\/blog\/#\/schema\/logo\/image\/\",\"url\":\"https:\/\/franceencampagne.fr\/blog\/wp-content\/uploads\/2024\/12\/9.png\",\"contentUrl\":\"https:\/\/franceencampagne.fr\/blog\/wp-content\/uploads\/2024\/12\/9.png\",\"width\":500,\"height\":500,\"caption\":\"France en Campagne\"},\"image\":{\"@id\":\"https:\/\/franceencampagne.fr\/blog\/#\/schema\/logo\/image\/\"}}]}<\/script>\n<!-- \/ Yoast SEO Premium plugin. -->","yoast_head_json":{"title":"France en Campagne, le charme de la vie rurale","description":"Franceencampagne.fr vous invite \u00e0 red\u00e9couvrir l'authenticit\u00e9 et la beaut\u00e9 de la vie \u00e0 la campagne. Plongez dans un univers de traditions, de nature","robots":{"index":"index","follow":"follow","max-snippet":"max-snippet:-1","max-image-preview":"max-image-preview:large","max-video-preview":"max-video-preview:-1"},"canonical":"https:\/\/franceencampagne.fr\/blog\/franceencampagne-fr\/","og_locale":"fr_FR","og_type":"article","og_title":"France en Campagne, le charme de la vie rurale","og_description":"Franceencampagne.fr vous invite \u00e0 red\u00e9couvrir l'authenticit\u00e9 et la beaut\u00e9 de la vie \u00e0 la campagne. Plongez dans un univers de traditions, de nature","og_url":"https:\/\/franceencampagne.fr\/blog\/franceencampagne-fr\/","og_site_name":"franceencampagne","twitter_card":"summary_large_image","schema":{"@context":"https:\/\/schema.org","@graph":[{"@type":"WebPage","@id":"https:\/\/franceencampagne.fr\/blog\/franceencampagne-fr\/","url":"https:\/\/franceencampagne.fr\/blog\/franceencampagne-fr\/","name":"France en Campagne, le charme de la vie rurale","isPartOf":{"@id":"https:\/\/franceencampagne.fr\/blog\/#website"},"datePublished":"2023-12-12T14:50:52+00:00","dateModified":"2025-02-17T12:58:46+00:00","description":"Franceencampagne.fr vous invite \u00e0 red\u00e9couvrir l'authenticit\u00e9 et la beaut\u00e9 de la vie \u00e0 la campagne. Plongez dans un univers de traditions, de nature","inLanguage":"fr-FR","potentialAction":[{"@type":"ReadAction","target":["https:\/\/franceencampagne.fr\/blog\/franceencampagne-fr\/"]}]},{"@type":"WebSite","@id":"https:\/\/franceencampagne.fr\/blog\/#website","url":"https:\/\/franceencampagne.fr\/blog\/","name":"France en Campagne","description":"France en Campagne, le charme de la vie rurale","publisher":{"@id":"https:\/\/franceencampagne.fr\/blog\/#organization"},"alternateName":"France en Campagne, le charme de la vie rurale","potentialAction":[{"@type":"SearchAction","target":{"@type":"EntryPoint","urlTemplate":"https:\/\/franceencampagne.fr\/blog\/?s={search_term_string}"},"query-input":{"@type":"PropertyValueSpecification","valueRequired":true,"valueName":"search_term_string"}}],"inLanguage":"fr-FR"},{"@type":"Organization","@id":"https:\/\/franceencampagne.fr\/blog\/#organization","name":"France en Campagne","alternateName":"FEC","url":"https:\/\/franceencampagne.fr\/blog\/","logo":{"@type":"ImageObject","inLanguage":"fr-FR","@id":"https:\/\/franceencampagne.fr\/blog\/#\/schema\/logo\/image\/","url":"https:\/\/franceencampagne.fr\/blog\/wp-content\/uploads\/2024\/12\/9.png","contentUrl":"https:\/\/franceencampagne.fr\/blog\/wp-content\/uploads\/2024\/12\/9.png","width":500,"height":500,"caption":"France en Campagne"},"image":{"@id":"https:\/\/franceencampagne.fr\/blog\/#\/schema\/logo\/image\/"}}]}},"_links":{"self":[{"href":"https:\/\/franceencampagne.fr\/blog\/wp-json\/wp\/v2\/pages\/367","targetHints":{"allow":["GET"]}}],"collection":[{"href":"https:\/\/franceencampagne.fr\/blog\/wp-json\/wp\/v2\/pages"}],"about":[{"href":"https:\/\/franceencampagne.fr\/blog\/wp-json\/wp\/v2\/types\/page"}],"author":[{"embeddable":true,"href":"https:\/\/franceencampagne.fr\/blog\/wp-json\/wp\/v2\/users\/34"}],"replies":[{"embeddable":true,"href":"https:\/\/franceencampagne.fr\/blog\/wp-json\/wp\/v2\/comments?post=367"}],"version-history":[{"count":63,"href":"https:\/\/franceencampagne.fr\/blog\/wp-json\/wp\/v2\/pages\/367\/revisions"}],"predecessor-version":[{"id":7344,"href":"https:\/\/franceencampagne.fr\/blog\/wp-json\/wp\/v2\/pages\/367\/revisions\/7344"}],"wp:attachment":[{"href":"https:\/\/franceencampagne.fr\/blog\/wp-json\/wp\/v2\/media?parent=367"}],"curies":[{"name":"wp","href":"https:\/\/api.w.org\/{rel}","templated":true}]}}

<div class="wp-block-group titre-home is-content-justification-center is-nowrap is-layout-flex wp-container-core-group-is-layout-d05cb3ef wp-block-group-is-layout-flex">
<h1 class="wp-block-heading has-text-align-center has-contrast-color has-text-color has-link-color wp-elements-1" id="h-beaute-authentique-bien-etre-naturel-votre-guide-vers-une-vie-harmonieuse">L&rsquo;authenticité au cœur</h1>
</div>


<div class="gb-container gb-container-d004d49a">
<div class="gb-container gb-container-5979e1bc">

<h2 class="gb-headline gb-headline-653b8ae5 gb-headline-text"><a href="https://franceencampagne.fr/blog/destinations-a-la-campagne/">Destinations à la Campagne</a></h2>


<div class="gb-grid-wrapper gb-grid-wrapper-d81475ad">
<div class="gb-grid-column gb-grid-column-64f4838c"><div class="gb-container gb-container-64f4838c">

<div class="gb-grid-wrapper gb-grid-wrapper-66dae3a3 gb-query-loop-wrapper">
<div class="gb-grid-column gb-grid-column-f8982118 gb-query-loop-item post-7807 post type-post status-publish format-standard has-post-thumbnail hentry category-a-la-une"><div class="gb-container gb-container-f8982118"><a class="gb-container-link" href="https://franceencampagne.fr/blog/a-la-une/plus-beaux-lacs-bourgogne-journee/"></a>
<figure class="gb-block-image gb-block-image-c648fb85"><a href="https://franceencampagne.fr/blog/a-la-une/plus-beaux-lacs-bourgogne-journee/"><img loading="lazy" decoding="async" width="1200" height="627" src="https://images.pexels.com/photos/37515854/pexels-photo-37515854.jpeg?auto=compress&amp;cs=tinysrgb&amp;fit=crop&amp;h=627&amp;w=1200" class="gb-image-c648fb85" alt="" /></a></figure>

<div class="gb-headline gb-headline-105a8e81 gb-headline-text"><time class="entry-date published" datetime="2026-07-17T12:18:57+02:00">17 juillet 2026</time></div>

<h3 class="gb-headline gb-headline-d823eb89 gb-headline-text"><a href="https://franceencampagne.fr/blog/a-la-une/plus-beaux-lacs-bourgogne-journee/">Les plus beaux lacs de Bourgogne pour une journée au bord de l&rsquo;eau</a></h3>

<p class="gb-headline gb-headline-50783b14 gb-headline-text">⚡ En bref La Bourgogne regorge de lacs de baignade : grands lacs du Morvan, bases de loisirs familiales, plans d&rsquo;eau sauvages. Le lac de &#8230;</p>
</div></div>
</div>

</div></div>

<div class="gb-grid-column gb-grid-column-172c2d01"><div class="gb-container gb-container-172c2d01">

<div class="gb-grid-wrapper gb-grid-wrapper-ae4a818a gb-query-loop-wrapper">
<div class="gb-grid-column gb-grid-column-a5958d80 gb-query-loop-item post-7524 post type-post status-publish format-standard has-post-thumbnail hentry category-a-la-une tag-histoire-1944 tag-plages-debarquement tag-weekend-normandie"><div class="gb-container gb-container-a5958d80">
<div class="gb-grid-wrapper gb-grid-wrapper-2316a5ad">
<div class="gb-grid-column gb-grid-column-f3dccbdb"><div class="gb-container gb-container-f3dccbdb">
<figure class="gb-block-image gb-block-image-a77e6df6"><a href="https://franceencampagne.fr/blog/a-la-une/les-plages-du-debarquement-en-1944-histoire-et-conseils-pour-un-week-end-memorable/"><img loading="lazy" decoding="async" width="400" height="229" src="https://franceencampagne.fr/blog/wp-content/uploads/2025/12/pag-image-69416ed81f7d3-scaled.png" class="gb-image-a77e6df6" alt="pag-image-69416ed81f7d3" /></a></figure>
</div></div>

<div class="gb-grid-column gb-grid-column-2cddd1f8"><div class="gb-container gb-container-2cddd1f8">
<div class="gb-headline gb-headline-dcb58340 gb-headline-text"><time class="entry-date published" datetime="2026-07-02T09:58:00+02:00">2 juillet 2026</time></div>

<h3 class="gb-headline gb-headline-23a64d89 gb-headline-text"><a href="https://franceencampagne.fr/blog/a-la-une/les-plages-du-debarquement-en-1944-histoire-et-conseils-pour-un-week-end-memorable/">Les plages du Débarquement en 1944 : histoire et conseils pour un week-end mémorable</a></h3>

<div class="gb-container gb-container-5da2d10d"></div>
</div></div>
</div>
</div></div>
</div>

</div></div>
</div>

<div class="gb-grid-wrapper gb-grid-wrapper-dd363874">
<div class="gb-grid-column gb-grid-column-6e67919d"><div class="gb-container gb-container-6e67919d">

<div class="gb-grid-wrapper gb-grid-wrapper-498f7d99 gb-query-loop-wrapper"></div>

</div></div>

<div class="gb-grid-column gb-grid-column-2101bea1"><div class="gb-container gb-container-2101bea1">

<div class="gb-grid-wrapper gb-grid-wrapper-160fd551 gb-query-loop-wrapper"></div>

</div></div>

<div class="gb-grid-column gb-grid-column-a6ee4012"><div class="gb-container gb-container-a6ee4012">

<div class="gb-grid-wrapper gb-grid-wrapper-d91db76b gb-query-loop-wrapper"></div>

</div></div>

<div class="gb-grid-column gb-grid-column-24890074"><div class="gb-container gb-container-24890074">

<div class="gb-grid-wrapper gb-grid-wrapper-ec0235a6 gb-query-loop-wrapper"></div>

</div></div>
</div>
</div>
</div>


<p class="wp-block-paragraph"></p>

<!-- This site is optimized with the Yoast SEO Premium plugin v21.3 (Yoast SEO v25.6) - https://yoast.com/wordpress/plugins/seo/ -->
<title>France en Campagne, le charme de la vie rurale</title>
<meta name="description" content="Franceencampagne.fr vous invite à redécouvrir l&#039;authenticité et la beauté de la vie à la campagne. Plongez dans un univers de traditions, de nature" />
<meta name="robots" content="index, follow, max-snippet:-1, max-image-preview:large, max-video-preview:-1" />
<link rel="canonical" href="https://franceencampagne.fr/blog/franceencampagne-fr/" />
<meta property="og:locale" content="fr_FR" />
<meta property="og:type" content="article" />
<meta property="og:title" content="France en Campagne, le charme de la vie rurale" />
<meta property="og:description" content="Franceencampagne.fr vous invite à redécouvrir l&#039;authenticité et la beauté de la vie à la campagne. Plongez dans un univers de traditions, de nature" />
<meta property="og:url" content="https://franceencampagne.fr/blog/franceencampagne-fr/" />
<meta property="og:site_name" content="franceencampagne" />
<meta name="twitter:card" content="summary_large_image" />
<script type="application/ld+json" class="yoast-schema-graph">{"@context":"https://schema.org","@graph":[{"@type":"WebPage","@id":"https://franceencampagne.fr/blog/franceencampagne-fr/","url":"https://franceencampagne.fr/blog/franceencampagne-fr/","name":"France en Campagne, le charme de la vie rurale","isPartOf":{"@id":"https://franceencampagne.fr/blog/#website"},"datePublished":"2023-12-12T14:50:52+00:00","dateModified":"2025-02-17T12:58:46+00:00","description":"Franceencampagne.fr vous invite à redécouvrir l'authenticité et la beauté de la vie à la campagne. Plongez dans un univers de traditions, de nature","inLanguage":"fr-FR","potentialAction":[{"@type":"ReadAction","target":["https://franceencampagne.fr/blog/franceencampagne-fr/"]}]},{"@type":"WebSite","@id":"https://franceencampagne.fr/blog/#website","url":"https://franceencampagne.fr/blog/","name":"France en Campagne","description":"France en Campagne, le charme de la vie rurale","publisher":{"@id":"https://franceencampagne.fr/blog/#organization"},"alternateName":"France en Campagne, le charme de la vie rurale","potentialAction":[{"@type":"SearchAction","target":{"@type":"EntryPoint","urlTemplate":"https://franceencampagne.fr/blog/?s={search_term_string}"},"query-input":{"@type":"PropertyValueSpecification","valueRequired":true,"valueName":"search_term_string"}}],"inLanguage":"fr-FR"},{"@type":"Organization","@id":"https://franceencampagne.fr/blog/#organization","name":"France en Campagne","alternateName":"FEC","url":"https://franceencampagne.fr/blog/","logo":{"@type":"ImageObject","inLanguage":"fr-FR","@id":"https://franceencampagne.fr/blog/#/schema/logo/image/","url":"https://franceencampagne.fr/blog/wp-content/uploads/2024/12/9.png","contentUrl":"https://franceencampagne.fr/blog/wp-content/uploads/2024/12/9.png","width":500,"height":500,"caption":"France en Campagne"},"image":{"@id":"https://franceencampagne.fr/blog/#/schema/logo/image/"}}]}</script>
<!-- / Yoast SEO Premium plugin. -->

Franceencampagne.fr vous invite à redécouvrir l'authenticité et la beauté de la vie à la campagne. Plongez dans un univers de traditions, de nature
